er?
True
Let w(m) = m - 7. Let q be w(-6). Is (-3 - 10*2)*q a composite number?
True
Let o(i) be the second derivative of i**4/6 - i**3/3 + i**2/2 + i. Suppose -m - 12 = -3*q, 3*m + 24 = q + 4*q. Is o(m) a prime number?
False
Let w(p) = -p**3 + 3*p**2 + 3*p + 3. Let n be w(4). Let l = 4 - n. Suppose l*m - 7 = 43. Is m composite?
True
Is 4539/12 + (-9)/(-12) composite?
False
Let z = -2 - -3. Suppose -4*q = 3*h - 7 - 12, 2*q - 4 = 4*h. Is z + -10*(0 - h) a composite number?
False
Suppose 2*m - 4*m + 10 = 0. Let w = 10 + -5. Suppose -3*q = w*o - 473, -m*o + 2*q = q - 489. Is o composite?
False
Let k(p) = 16*p + 1. Let v be 9/6*(-8)/6. Let f be 6 + 4*1/v. Is k(f) a composite number?
True
Let d(q) = -4*q**3 - 7*q - 7*q**2 + 3*q**3 + 4*q. Suppose 6 = -3*c - 15. Is d(c) a composite number?
True
Let u(m) = 2*m**3 - 3*m**2 + m - 5. Let p = -1 - -14. Let r = -9 + p. Is u(r) a composite number?
False
Suppose 1 = -4*w + 13. Suppose d - 5 = 2*m, -4*d = d - w*m - 46. Is d composite?
False
Suppose -1685 = -32*w + 27*w. Is w a composite number?
False
Let c(n) = 2*n**3 - 5*n**2 + 5. Suppose -3*l + 11 - 2 = 0. Let g be (l/2)/(12/32). Is c(g) a composite number?
False
Suppose -o + 3*o = 0. Suppose 0 = -i - 5*m - 14, o = i - 3*m + m. Is (10/(-3))/(i/18) a prime number?
False
Let a(s) = 5*s + 1. Let h be a(1). Suppose -2*b + 36 = -h*b. Is 6/b*171/(-6) composite?
False
Suppose 0 = -2*l + 4*l + 364. Let w = l - -267. Is w a prime number?
False
Let q = -10 + 13. Suppose q*s + s = 3*m + 457, 5*m - 350 = -3*s. Is s prime?
False
Let x(l) = 8*l**2 - 11*l + 10. Is x(-11) prime?
False
Suppose -3*a + 5*a - 12 = 0. Is (-1)/3 + 536/a a prime number?
True
Let t(a) = 6*a - 2. Let b be t(1). Suppose 0 = 5*o - x - 569 - 239, -b*o + x = -647. Is o prime?
False
Let i = 6 - 8. Let y(a) = 89*a**2 + 3*a + 2. Let z be y(i). Let m = z - 119. Is m prime?
True
Let u = 14 + -11. Suppose m + 2*m - 9 = 0. Let t = m + u. Is t a prime number?
False
Suppose -2*g = -3*g - u + 147, g - 141 = -4*u. Is g composite?
False
Suppose -1499 - 407 = -2*x. Is x composite?
False
Suppose -10*v + 8*v = -886. Is v a prime number?
True
Let v(p) = -14*p - 7. Let t be 9/((-21)/6 - -2). Is v(t) prime?
False
Suppose -4 = 4*p - 28. Suppose p*u - 620 = 2*u. Is u a prime number?
False
Let g(v) = 27*v - 4. Suppose r - 4 + 1 = 0. Is g(r) prime?
False
Suppose 2 - 8 = 3*f. Is 8/4*(-163)/f a composite number?
False
Let o be 6/(9/(-6)*1). Let b be o/6*(-6 + 0). Suppose b*k - k = 21. Is k a prime number?
True
Let a(k) = 80*k - 1. Suppose -3*r - 4 = -1. Let n = 2 + r. Is a(n) composite?
False
Let s(c) = -3*c - 9. Let d be s(-9). Suppose 272 = 2*m + d. Is m composite?
False
Let o be (3 - 4) + 0 + 6. Suppose 0 = o*r - 40. Suppose 3*h + h = 2*s + r, -3*h + 5*s + 6 = 0. Is h a composite number?
False
Suppose 3*o = 4*x - 29, -3*x - 8 + 56 = 3*o. Suppose 2*l = v - 21, 5*v = -4*l + x + 108. Is v composite?
False
Let i(u) be the second derivative of -u**5/20 - 2*u**4/3 - 3*u**3/2 - 7*u**2/2 - 2*u. Is i(-8) prime?
False
Suppose -4*u + 4 = -w - 4, w - 2 = -u. Is u/12 - 2036/(-24) composite?
True
Suppose -283 = -2*d - 5*n, -5*d + 0*n + 733 = 4*n. Is d a prime number?
True
Is 2568/21 + 8/(-28) composite?
True
Suppose -1553 + 548 = -5*q. Is q a prime number?
False
Suppose -5*u - 5*z = 0, -5*u + z + 3*z = -36. Suppose 97 = u*q - 99. Is q prime?
False
Let g(o) = o**2 + 2*o + 3. Let h be g(-3). Suppose h = y - 12. Let r = 13 + y. Is r a composite number?
False
Suppose 0 = -4*v - 527 + 4155. Is v composite?
False
Let o = 74 - -92. Is o a prime number?
False
Let j = 36 - -749. Is j a composite number?
True
Suppose 19860 = -5*i + 17*i. Is i a composite number?
True
Let f(u) = u**3 + u**2 + u + 494. Let g be f(0). Suppose -14*v + g = -12*v. Is v prime?
False
Let c(k) = -k**2 + 10*k. Let n be c(10). Suppose n = -4*b + 5*b - 34. Is b a composite number?
True
Let q = 1672 + -869. Is q prime?
False
Suppose w - 24 = 5*h - h, 8 = -3*w - 4*h. Is 5*w - 3/(-3) a prime number?
False
Suppose -1223 - 1231 = -6*z. Is z prime?
True
Let c(v) = -v + 97. Suppose 2*o + 3*o = 0. Is c(o) composite?
False
Let y(f) = -209*f + 13. Let w(b) = -52*b + 3. Let n(v) = -9*w(v) + 2*y(v). Is n(3) a composite number?
False
Suppose 0*k = 5*k - 25. Suppose 1514 = k*j + 259. Is j composite?
False
Suppose -12 = -5*m + 2*m. Suppose z - 15 = -m*z. Is z prime?
True
Let x(n) = -35*n**2 + 2*n. Let m be x(-2). Let h = m + 233. Suppose h = 4*o + 5*i, 3*o - 17 = -4*i + 50. Is o composite?
True
Is (-4 - 75)*(-21)/3 composite?
True
Let a = -386 - -645. Is a a prime number?
False
Let v(r) = 65*r - 7. Is v(2) composite?
True
Let m(g) = 46*g**2 - 6*g + 1. Is m(-5) composite?
False
Suppose -20*b + 815 = -19*b. Is b a composite number?
True
Suppose -2*u = -5 - 1. Let q = u + -3. Let v(c) = -c + 37. Is v(q) a composite number?
False
Let p = -21 - -75. Let c = 91 - p. Is c a prime number?
True
Let x be 7/(2 + (-7)/3). Let n be -1*1 + (-3 - 38). Is ((-7)/x)/((-2)/n) a composite number?
False
Suppose 0 = -5*l + 457 + 178. Is l composite?
False
Is 224/6 - 9/27 a prime number?
True
Let g(i) = 4*i**2 - 4*i. Let y be g(-5). Suppose 3*m - 5*j = -0*m + y, -4*j - 47 = -m. Is m prime?
False
Suppose l + 4*p = 19, -3*p + 4 - 7 = -5*l. Let j be 3*(2*-1)/2. Is (-1 - j) + l + 1 a composite number?
True
Let l(r) = r**3 - 2*r**2 - 9*r - 7. Let v(d) = -d. Let p(m) = l(m) - 4*v(m). Is p(7) prime?
False
Suppose 2*u + 2*u = -5*q + 1011, 2*u = -q + 513. Is u composite?
True
Let v(z) = z - 10. Let t be v(0). Let b = -5 - t. Suppose 2*f = -2*o + 60, -35 = -f - b*o + 3*o. Is f a prime number?
False
Let d = 268 - -355. Is d a prime number?
False
Let f = -57 - -234. Suppose -3*h - 6 = -f. Suppose 2*z - h = -z. Is z prime?
True
Suppose 0*m + 63 = 2*w - 3*m, -38 = -2*w - 2*m. Is 3856/w - 2/(-6) composite?
True
Let g(h) = -3*h + 12. Let f be g(-11). Suppose -3*q = -f - 12. Is q composite?
False
Let m(b) = b**3 - 3*b**2 + 4*b - 2. Let n be m(2). Suppose r = -y + 44, -3*r - 64 - 19 = -n*y. Suppose -t + y = -34. Is t composite?
True
Suppose 4*f = -u + 12, 5*f - 4*f = 2*u + 3. Is (f/5)/(1/265) a prime number?
False
Let j = 169 + 25. Is j composite?
True
Let s(z) = -z**2 - 1. Let a(w) = w**3 + 9*w**2 + 7*w - 9. Let f be a(-8). Let d(o) = -3*o - 3. Let x(g) = f*s(g) - d(g). Is x(-6) prime?
False
Let f = -109 - -164. Is f composite?
True
Let s = 162 + -1. Is s composite?
True
Suppose -z - 2 + 1 = 0. Let j be (-1)/z - 6/(-3). Suppose -j*t + 5*d = 2*t - 170, -d = -2*t + 68. Is t a prime number?
False
Suppose -3*t + r + 1 = -9, 4*t = 3*r + 15. Suppose 2*x = t*l + 2*l - 335, -4*l = x - 268. Is l a composite number?
False
Suppose 23 = 5*g - 2. Suppose 80 = 5*j - g. Suppose 2*t = 101 + j. Is t a composite number?
False
Suppose -m - 2*m + 120 = 0. Suppose 4*d - p + 3 = 18, -4*d - 4*p = -m. Is (-386)/(-10) + 2/d composite?
True
Let x be -258*(5/2)/5. Is ((-21)/9)/1*x composite?
True
Let h be 1 - (-2)/(-2 - 0). Suppose 308 = -h*p + 4*p. Is p prime?
False
Suppose 796 = -0*q + q. Suppose -5*s = m - 275, -190 = 2*m - 4*s - q. Is m a prime number?
False
Let g = -45 + 1966. Is g a prime number?
False
Let y(h) = 98*h**2 - 2*h + 1. Is y(1) a composite number?
False
Let j(c) = -c. Let h(a) = 114*a - 3. Let f(r) = h(r) + 4*j(r). Is f(3) a composite number?
True
Suppose 3*f + f - 2228 = 0. Is f a composite number?
False
Let i(n) = -42*n**3 - 4*n**2 + n + 1. Is i(-2) a composite number?
True
Let t be 16/1 + -1 + 3. Is 548/36 - 4/t a prime number?
False
Suppose 1 = -3*k + 22. Suppose 2*u = k*u + 10. Is 1 + u + 1 + 14 composite?
True
Let i be 6*3/(12 - 3). Suppose -i*l - 4 = 2*l. Is (3 - 1) + (248 - l) a prime number?
True
Let d = 1 - -6. Let n = d - 2. Suppose 39 = z - 2*q, -3*z - n*q = -141 + 35. Is z a composite number?
False
Let o = -4725 + 8683. Is o prime?
False
Suppose 5*r = 3*h + 32, -3*r + r + 17 = 3*h. Let k be 14/21 - 52/6. Is k/28 - (-1269)/r composite?
False
Suppose 0 = 4*s - 0*s + 20. Is s + 4 - (-486)/3 a composite number?
True
Let i = -45 - -71. Is i prime?
False
Suppose 5*i + 5*g = 104 + 51, 2*i - 62 = -5*g. Is i prime?
True
Suppose 0*y - 192 = -2*b - 2*y, 0 = 3*y. Let p = 217 - b. Is p composite?
True
Suppose o = 3*o - 8. Suppose -2*i = a + 1 + 1, -4*i = -o*a - 8. Is (-1)/a - 421/(-2) a composite number?
False
Let h be (-1 + 2)/((-3